{"id":2,"date":"2010-10-10T10:57:38","date_gmt":"2010-10-10T10:57:38","guid":{"rendered":"http:\/\/www.hipopotamstudio.pl\/strony\/studioarco\/?page_id=2"},"modified":"2019-08-21T17:18:08","modified_gmt":"2019-08-21T16:18:08","slug":"informacje","status":"publish","type":"page","link":"https:\/\/www.studioarco.pl\/","title":{"rendered":"Informacje"},"content":{"rendered":"<h2 style=\"text-align: justify;\"><span style=\"color: #ffffff;\"><span style=\"color: #ffffff;\">Studio ARCO dzia\u0142a od 1995 roku w&nbsp;strukturach organizacyjnych Stowarzyszenia Polskich Artyst\u00f3w Plastyk\u00f3w poprzez samodzielne&nbsp;autorskie pracownie architektoniczne.&nbsp;Dzia\u0142alno\u015b\u0107 statutowa&nbsp;Studia obejmuje&nbsp;kszta\u0142towanie przestrzeni architektonicznej&nbsp;w realizacji&nbsp;projektowanych budynk\u00f3w&nbsp;oraz wn\u0119trz obiekt\u00f3w mieszkalnych, budownictwa og\u00f3lnego&nbsp;i sakralnych. Zakres naszej dzia\u0142alno\u015bci&nbsp;to tak\u017ce projekty modernizacji i adaptacji budynk\u00f3w, w tym obiekt\u00f3w obj\u0119tych ochron\u0105 konserwatorsk\u0105.<\/span><\/span><\/h2>\n<h2 style=\"text-align: justify;\"><span style=\"color: #ffffff;\"><span style=\"color: #ffffff;\">Autorskie pracownie Studia ARCO kierowane s\u0105&nbsp;przez arch. Miros\u0142awa Le\u015bnika i arch. Andrzeja Pop\u0142awskiego &#8211; projektant\u00f3w o znacznym dorobku w&nbsp;zakresie projektowania i realizacji, potwierdzonym przez Ministra Kultury i Sztuki oraz przez Stowarzyszenie&nbsp; Architekt\u00f3w&nbsp; Polskich&nbsp; nadaniem&nbsp; statusu Architekta &#8211; Tw\u00f3rcy. Projektanci Studia ARCO maj\u0105 uprawnienia do pe\u0142nienia samodzielnych funkcji technicznych w budownictwie oraz s\u0105 cz\u0142onkami Mazowieckiej Okr\u0119gowej Izby Architekt\u00f3w RP. Przy&nbsp;opracowaniach wielobran\u017cowych wsp\u00f3\u0142pracuj\u0105 z do\u015bwiadczon\u0105&nbsp; kadr\u0105&nbsp; techniczn\u0105 wszystkich specjalno\u015bci budowlanych. <\/span><\/span><\/h2>\n<h2 style=\"text-align: justify;\"><span style=\"color: #ffffff;\"><span style=\"color: #ffffff;\">Studio ARCO gwarantuje szybkie i perfekcyjne wykonanie zleconych zada\u0144&nbsp;oraz pe\u0142ne uczestnictwo w procesie inwestycyjnym.&nbsp; W swojej dzia\u0142alno\u015bci stosujemy nowoczesne komputerowe techniki projektowe z zastosowaniem licencjonowanego profesjonalnego oprogramowania.<\/span><\/span><\/h2>\n<h2 style=\"text-align: left;\"><span style=\"color: #ffffff;\"><span style=\"color: #ffffff;\">Regon: 142972078, NIP: 951-15-87-330, KRS: 0000246989 &#8211; S\u0105d Rejonowy dla m.st. Warszawy, XIII Wydz. Gospodarczy Krajowego Rejestru S\u0105dowego.<\/span><\/span><\/h2>\n","protected":false},"excerpt":{"rendered":"<p> [&hellip;]<\/p>\n","protected":false},"author":1,"featured_media":0,"parent":0,"menu_order":1,"comment_status":"open","ping_status":"open","template":"","meta":{"ngg_post_thumbnail":0,"_mi_skip_tracking":false,"footnotes":""},"_links":{"self":[{"href":"https:\/\/www.studioarco.pl\/index.php?rest_route=\/wp\/v2\/pages\/2"}],"collection":[{"href":"https:\/\/www.studioarco.pl\/index.php?rest_route=\/wp\/v2\/pages"}],"about":[{"href":"https:\/\/www.studioarco.pl\/index.php?rest_route=\/wp\/v2\/types\/page"}],"author":[{"embeddable":true,"href":"https:\/\/www.studioarco.pl\/index.php?rest_route=\/wp\/v2\/users\/1"}],"replies":[{"embeddable":true,"href":"https:\/\/www.studioarco.pl\/index.php?rest_route=%2Fwp%2Fv2%2Fcomments&post=2"}],"version-history":[{"count":23,"href":"https:\/\/www.studioarco.pl\/index.php?rest_route=\/wp\/v2\/pages\/2\/revisions"}],"predecessor-version":[{"id":3648,"href":"https:\/\/www.studioarco.pl\/index.php?rest_route=\/wp\/v2\/pages\/2\/revisions\/3648"}],"wp:attachment":[{"href":"https:\/\/www.studioarco.pl\/index.php?rest_route=%2Fwp%2Fv2%2Fmedia&parent=2"}],"curies":[{"name":"wp","href":"https:\/\/api.w.org\/{rel}","templated":true}]}}